 of x?
4
Suppose 6*z - 3*z = 12. Suppose -5*f + 21 = 2*a, 0 = -z*a - f - 4*f + 37. What is the units digit of a?
8
Let o be (-1)/((-4)/20) + -2. Suppose 110 = o*w - 4*g + 3*g, -3*g - 34 = -w. Let u = 34 + w. What is the units digit of u?
1
Let b = -129 - -98. What is the tens digit of -10 + 13 + (1 - b)?
3
Let i(p) = p**3 + 9*p**2 + 8*p + 4. Let d be i(-8). Suppose -2*n - 5*x + 107 = 0, -d*n - 8*x = -4*x - 220. Let s = -32 + n. What is the units digit of s?
4
Suppose -3*z + 1785 = 3*n, 11*z - 6*z + 2*n = 2975. What is the units digit of z?
5
Suppose -3*o = -5*o + 3310. What is the units digit of o?
5
Let f be (-3 - 0) + (0 - 40). Let q = 24 + f. What is the units digit of (q/4)/(5/(-20))?
9
Let g = -54 + 51. What is the units digit of (-3 - (-69)/9)*(-81)/g?
6
Let y be (-4)/16 - (-34)/8. Suppose -12 = y*v - v. What is the tens digit of ((-259)/(-14))/((-2)/v)?
3
Suppose 0 = -5*u - 4*q + 1468, -1172 = -4*u + q - 3*q. What is the tens digit of u?
9
Let y = 61 - -79. What is the tens digit of (-18)/10*y/(-12)?
2
Let h(u) be the first derivative of -u**2/2 + 9*u - 2. Let f be h(7). Suppose 0 = 3*a + f*a - 90. What is the tens digit of a?
1
Suppose -80*h = y - 84*h - 768, h - 5 = 0. What is the hundreds digit of y?
7
Let g(a) = 2*a**2 + 8*a + 3. Let t be g(-3). Let c(s) = -7*s**3 - 5*s**2 + 6*s + 4. What is the tens digit of c(t)?
3
Let s(l) = -l**3 - 11*l**2 - 10*l - 14. Let p be ((-8)/12)/(4/66). What is the units digit of s(p)?
6
Let f be 3*(22/6 - 1). Let l(i) = i - 6. Let k be l(f). What is the tens digit of (19 + k)/(3/4)?
2
Let x(n) = -n**3 - 30*n**2 + 24*n + 91. What is the thousands digit of x(-32)?
1
Let c be (-33)/(-4) + ((-20)/(-16))/(-5). What is the tens digit of (3 - -25)*(c - 6)?
5
Let t(b) = -2*b**2 + 7*b - 10. Let y be t(4). What is the tens digit of (-63)/y*(-32)/(-6)?
2
Let l(w) = w**3 + 9*w**2 + 9*w + 11. Let s be l(-8). Suppose 0*p = -s*p + 228. What is the units digit of p?
6
What is the units digit of 716/3 - (-9)/27?
9
Suppose -j - 19*j = -51620. What is the tens digit of j?
8
Let q(j) = -j - j - 6 + 3. Let i be q(-3). Suppose -24 = -i*c + 9. What is the units digit of c?
1
Let a(z) = z**3 - 16*z**2 - 6*z + 6. What is the units digit of a(17)?
3
Suppose 4*y - 4*f = -7*f + 7731, 0 = 5*y + 5*f - 9665. What is the thousands digit of y?
1
Suppose -4*o - 4*t - 4 = -2*o, 2*t = -4. Suppose -w = 5*k + 398, 0*w + o*k = 5*w + 1936. What is the units digit of w/(-14) - 6/(-21)?
8
Let b(v) = 7*v**2 - 4*v - 5. Let x be (-288)/(-45) + (-6)/15. What is the tens digit of b(x)?
2
Suppose -4*c + 468 = d, -d + 222 = -3*c - 225. What is the hundreds digit of d?
4
What is the tens digit of 10820/6 + (-279)/27 + 8?
0
Suppose 4*r = 69 + 51. Let a = 11 + r. What is the tens digit of a?
4
Let j(r) = -r**3 + 7*r**2 - 2*r + 18. Let n be j(7). Let w = n - -35. What is the units digit of w?
9
Suppose 3*c + 6000 = 13*c. Let n = -14 + 9. What is the units digit of (2/n)/((-10)/c)?
4
Let y be 167 + (4 - 4) - 2. Suppose -3*s = -8*s + y. What is the tens digit of s?
3
Let n(v) be the second derivative of -v**3/2 + 55*v**2/2 + v. Let w be n(0). Suppose 5*p = 80 + w. What is the units digit of p?
7
Let q(x) = 361*x**2 + 6*x - 3. What is the tens digit of q(-3)?
2
Let z(u) = -7*u + 109. What is the units digit of z(-22)?
3
Let p(r) = -2*r + 17*r**2 - 10 + 6 + 0. What is the units digit of p(2)?
0
Let y(o) be the third derivative of o**5/60 + o**4/4 - 7*o**3/6 - 6*o**2. What is the tens digit of y(3)?
2
Let k = 8 + -8. Suppose k = 3*y + 20 - 26. Suppose 5*b - 161 = y*u - 4*u, 5*b = 3*u - 229. What is the tens digit of u?
7
Let m(p) = -2*p - 4*p**2 + 5*p - 5*p - 7 + 3*p**2 + p**3. Let h be m(4). Let z = h + 16. What is the tens digit of z?
4
Let s(c) = -c**2 + 47*c - 223. What is the units digit of s(27)?
7
Let v = -24 + 22. What is the tens digit of (-8500)/(-40) + v/(-4)?
1
Suppose 5*d + 4 + 1 = 0, 1809 = 2*z + d. What is the tens digit of z?
0
Let q be (10 + 2)*(2/(-4) + -2). Let n(s) = s**3 - 3*s**2 - s + 2. Let o be n(-2). Let k = o - q. What is the tens digit of k?
1
Let f(q) = 5*q - 9. Let v(d) = -d**3 + 5*d**2 + 6*d + 3. Let w be v(6). Suppose -k + l = -5 + w, 27 = 3*k + 4*l. What is the units digit of f(k)?
6
Let r(g) = g**3 - 2*g**2 - 9*g - 7. Let c be r(5). What is the tens digit of 14/(4 - c/6)?
8
Let a(w) = 3*w - 5. Let l be a(3). Suppose -l*u = 5*s - 116, 5*s = -0*s. What is the tens digit of u?
2
Let t(y) = -y**2 - 7*y + 4. Let i(u) = -u**2 + 8*u - 9. Let o be i(6). Suppose 10 = -o*n - 11. What is the units digit of t(n)?
4
Let p be 2/((-10)/(-5)) - 4. Let a(h) = -19*h + 4. What is the units digit of a(p)?
1
Suppose 2*j = j - 31. Let x = j + 97. What is the units digit of x?
6
Suppose -8*d - 360 = -23*d. Suppose -29*p = -d*p - 145. What is the units digit of p?
9
Suppose 2*j - 3388 = -12*j. What is the units digit of j?
2
Let j(f) = -6*f**2 + 6*f + 1. Let x be j(3). Let d be ((-2)/(-4) + 2)*22. Let u = x + d. What is the tens digit of u?
2
Suppose -v = -0*v + 4*y - 343, 0 = -5*v + 3*y + 1669. What is the hundreds digit of v?
3
What is the hundreds digit of 7069/4 + (0 - 2/8)?
7
Suppose w = -o + 813, -2777 + 358 = -3*w - 7*o. What is the tens digit of w?
1
What is the hundreds digit of (153/36)/((10/(-136))/(-5))?
2
Suppose 3*d - 1 - 305 = 3*u, 5*u - 390 = -4*d. What is the tens digit of d?
0
Let y be -60*11*-2*1/6. Suppose -20*x + 16*x = -y. What is the tens digit of x?
5
Let d = -569 + 601. What is the tens digit of d?
3
Suppose -5*q + 386 = 166. What is the units digit of q?
4
Suppose -139 = 5*w - 569. Suppose -w = -3*a + 115. What is the units digit of a?
7
Suppose 3*b - 2*z = -7*z - 16, -b - 3*z = 12. Suppose -4*m + 26 = -m + 5*y, 4*y = m - b. What is the units digit of m?
7
Let c(p) = p**3 - 5*p**2 + 3*p + 7. Let z be c(4). Suppose -z*x - 2*x = -955. What is the hundreds digit of x?
1
Suppose -15*c = -11*c - 3*s - 913, -5*s - 1140 = -5*c. What is the hundreds digit of c?
2
Let m(n) = 40*n - 56. What is the units digit of m(20)?
4
Let o be (0 - 1)*(-4 + 3 + 2). What is the tens digit of 163 + -1*(o + 3)?
6
Let o = 17 + -15. Let x(w) = 16*w**2 + 22*w**2 + 11*w**o. What is the tens digit of x(-1)?
4
Let b(s) = -1220*s**3 + s**2 + s - 1. What is the units digit of b(-1)?
9
Suppose -68*x - 5*l = -64*x - 2078, 4*x - 3*l - 2094 = 0. What is the hundreds digit of x?
5
Let b(s) = -96 - 5*s + 55 + 0*s. What is the units digit of b(-15)?
4
Suppose 0 = o - 4*t - 18, t = 2*o + 5 - 27. Suppose -3*c - o = 29. Let y(h) = -h**3 - 14*h**2 - 13*h + 16. What is the units digit of y(c)?
6
Let c = -858 + 1766. What is the tens digit of c?
0
Let o(b) = 2*b + 8. Let u be o(-3). Suppose -u*n = -176 - 54. What is the units digit of n?
5
Let k = -24 - -290. Suppose 3*a = -2*a + 2*m + k, 3*a = -5*m + 172. What is the tens digit of a?
5
Let s(k) = k**2 - 7*k - 11. Let w be s(9). Suppose -2*m + 57 = w. What is the tens digit of m?
2
Let b be (3 + -5)/(10/(-35)). Suppose 3 = 5*k - 27. Let s = b - k. What is the units digit of s?
1
Suppose 0 = 16*k - 19*k + 168. Let o(c) = -c**2 + 5*c - 3. Let w be o(9). Let t = k + w. What is the tens digit of t?
1
Let x(j) = j**2 - j + 1. Let t be x(2). Suppose 51 = u + t*d, d = -0*d - 5. What is the units digit of u?
6
Let w(k) be the first derivative of -k**4/4 - k**3/3 + 5*k**2/2 - k - 3. What is the units digit of w(-3)?
2
Suppose -11*w + 3*w = -16. Suppose 3*x - 15 = 2*x. Suppose -w*g + 23 + x = 0. What is the units digit of g?
9
Let b(z) be the first derivative of -31*z**2/2 + 1. Suppose -2*p = -3*d - p - 1, 0 = -2*d + 3*p + 4. What is the units digit of b(d)?
1
Let i(n) = 2*n**3 - 2*n**2 - 7*n + 8. What is the units digit of i(4)?
6
Let k(c) = 3*c**3 - 38*c**2 - 10*c + 3. What is the hundreds digit of k(14)?
6
Let l(o) = 3*o**3 + 3*o**2 - 3*o + 3. Let t be 1/((2/6)/(-1)). Let z be l(t). Let g = -17 - z. What is the units digit of g?
5
Let m(z) = z**3 - 15*z**2 - 12*z - 14. What is the hundreds digit of m(21)?
3
Let s(y) = 29*y + 171. What is the units digit of s(-3)?
4
Let h = -106 + 188. Let v = h + -38. What is the tens digit of v?
4
Let a(t) be the third derivative of t**6/24 + t**5/60 - 52*t**2 + 1. Suppose -4*q + 3*k = -4 - 0, -q + 1 = -2*k. What is the units digit of a(q)?
6
Suppose -r = -2 - 1. Suppose r*b + 16 = 37. Su